 = -0*t. What are the prime factors of t?
17
List the prime factors of (-36)/(-60) - 367/(-5).
2, 37
Let x(l) = 3*l**3 + 2*l**2 - 1. Let t be x(2). Let g = t + -21. Let z = g + 0. What are the prime factors of z?
2, 5
Suppose -13 = -2*z + 119. What are the prime factors of z?
2, 3, 11
Let g(l) = -4*l + 9. Let t be g(6). Let k = 59 + t. List the prime factors of k.
2, 11
List the prime factors of 31/3*3 - 0.
31
Suppose -3*p - 166 = -2*i - 9, i = -p + 76. What are the prime factors of i?
7, 11
List the prime factors of (0 + -1 - 0)*-23.
23
What are the prime factors of 17/51*(-8 + -1) + 311?
2, 7, 11
Suppose 2*q - 97 = -9. What are the prime factors of q?
2, 11
Suppose 0 = -3*d + d + 106. What are the prime factors of d?
53
Suppose i = 0, 30 = -2*k + 7*i - 2*i. Let p be (-4)/(-16) + 66/(-8). Let h = p - k. List the prime factors of h.
7
Let i be 2/5 - (-6792)/20. Suppose 4*p + 3*s = 272, -5*p - s + i = -4*s. Suppose -4*a + m = -p, 0 = 4*m + m. What are the prime factors of a?
17
Suppose -3*t - 22 = -5*t. Let o(g) = g**3 - 10*g**2 - 9*g - 12. List the prime factors of o(t).
2, 5
Suppose 5*s - 10 = 35. Let x = s + -8. List the prime factors of 2/(-4)*(-14)/x.
7
What are the prime factors of 7/((-14)/2) - (-306 + 0)?
5, 61
Let j be 1*((1 - 2) + 11). Suppose -2*k + 6*k = 84. Let n = k - j. What are the prime factors of n?
11
Let t(q) = q**3 + 4*q**2 - 3. Let n be t(-3). Suppose -51 = -n*w + 5*w. What are the prime factors of w?
3, 17
Suppose -4*y - 15 + 67 = 0. Let s be (-46)/(-14) + 8/(-28). Suppose n - 15 = -s*p, n + 0*p - y = -p. List the prime factors of n.
2, 3
Suppose -5*f - 5 = -5*i, 2*i = f - 6*f + 23. Let t be ((-2)/(-4))/(1/4). Suppose -t*u - 30 = -i*j, -j - u = -0*u - 3. List the prime factors of j.
2, 3
Let o(g) = 3*g - 6. Let s be 2 + 2*2/2. Suppose 0 = -0*q + q - s. What are the prime factors of o(q)?
2, 3
What are the prime factors of 12/(-48) - (-306)/8?
2, 19
Let y = 96 - 51. What are the prime factors of y?
3, 5
Suppose -3*i + 7*i - 152 = 0. List the prime factors of i.
2, 19
Suppose -23*m + 1307 = -4719. What are the prime factors of m?
2, 131
Let j be (2/(-4))/((-4)/(-32)). What are the prime factors of (1 - -9)*(-3 - j)?
2, 5
Suppose -477 = -s - 151. What are the prime factors of s?
2, 163
Let f = 9 - 6. Suppose f*z - 169 = -4*r, 2*z - 1 - 35 = -r. What are the prime factors of r?
2, 23
Let s(v) = 3*v**2 + 1. Let c be s(1). List the prime factors of (-34)/(-4) - 2/c.
2
Let k(a) = a**3 - 2*a**2 + a - 2. Let d be k(2). Suppose -130 = -d*o - 5*o. List the prime factors of o.
2, 13
Let u(n) = n**3 - 2*n**2 - n + 1. Let x be u(2). Let l(d) = -36*d + 3. List the prime factors of l(x).
3, 13
Let p be 12/(-9)*3/(-2). Suppose 16 = 5*k + p*x, 5*k = 4*k + 2*x + 8. List the prime factors of k.
2
Let y = 4 - 0. Suppose -48 = -y*f + f. Suppose -f = -2*x + 2. List the prime factors of x.
3
Let g(b) = b**2 + 8*b + 12. Let v(h) = -1. Let f(k) = k**3 - 9*k**2 + 8*k + 3. Let w(l) = -f(l) + 5*v(l). Let d be w(8). What are the prime factors of g(d)?
2, 3
Let h(q) = 2 + 0*q + q + 8. Let g be h(-8). Suppose p - 20 = -g*o, -4*p + 4*o + 30 = -14. What are the prime factors of p?
2, 7
Suppose -4*c = 3 - 15. Suppose -c = 2*s - 35. List the prime factors of s.
2
Let t(g) = -g**3 + 3*g**2 + g + 3. Let u = 8 - 5. Let w be (0 + u)/(-1 + 2). What are the prime factors of t(w)?
2, 3
Let z be (2/6)/((-1)/(-21)). Let k(l) = -l**3 + 7*l**2 + 4*l - 1. What are the prime factors of k(z)?
3
List the prime factors of 68/(-17) - (-29 - 0).
5
Let r(a) = 4*a + 6. List the prime factors of r(6).
2, 3, 5
Let i = -50 + 153. List the prime factors of i.
103
Suppose 10 = 4*r + 58. What are the prime factors of -2*r/(-8) - -31?
2, 7
List the prime factors of 2*93/6 - 3.
2, 7
Let k(m) = m**3 - 8*m**2 - 8*m + 10. What are the prime factors of k(9)?
19
Suppose 0 = -5*k + k + 20. Suppose -3*d - 2*d - 2*n = -61, -4*d = -k*n - 29. List the prime factors of d.
11
Suppose -5*q - x - 5 = -20, -3*q = 3*x - 21. Suppose 2*p = 4*k + 22, 0*k = p + q*k + 5. What are the prime factors of p?
3
Let p(q) be the second derivative of -3*q**5/20 - q**4/6 + q**2/2 + 2*q. Let h be p(1). What are the prime factors of (h/3)/((-2)/18)?
2, 3
List the prime factors of (-4 + 5 - 2) + 54.
53
Let p(d) = -d**2 - 8*d - 7. Let h be p(-6). Suppose 2*z = -h*u + 12, 0 = -5*u - 0*u + 4*z + 36. Suppose 2 = u*y - 10. What are the prime factors of y?
3
Let x be 8/(-28) + (-4)/(-14). Suppose x*n + 52 = 4*n. What are the prime factors of n?
13
What are the prime factors of 1 - (-172)/(-1 - -5)?
2, 11
Let a = 13 + -18. Let k = a + 12. What are the prime factors of k?
7
Suppose -2*i = -4*i + 42. Suppose -i = -5*j + 19. What are the prime factors of j?
2
Suppose 12*d + 264 = 14*d. List the prime factors of d.
2, 3, 11
Let d(v) = -9*v**3 + 2*v**2 + v - 1. What are the prime factors of d(-1)?
3
Let r(q) be the third derivative of -q**7/420 + q**6/180 - q**4/24 - q**3/2 + q**2. Let n(i) be the first derivative of r(i). List the prime factors of n(-1).
3
Suppose -c - 40 = -48. What are the prime factors of c?
2
Let o = -34 + 58. What are the prime factors of o?
2, 3
Suppose 6*k + 5*u = 2*k + 981, u - 489 = -2*k. What are the prime factors of k?
2, 61
Let c = -4 + 30. Let b = c + -14. What are the prime factors of b?
2, 3
Let p(c) be the second derivative of -c**4/12 + 37*c**2/2 - c. Let i be p(0). Suppose s + 2*k - 3*k = -2, i = 4*s + 5*k. List the prime factors of s.
3
Let o = 26 + 3. What are the prime factors of o?
29
Let f = 49 - 27. Suppose 0 = 3*k - 64 + f. What are the prime factors of k?
2, 7
Let f be (0 + (-1)/1)*-4. Suppose t - 4 - 6 = f*k, -5*t - 5*k = 50. Let l = 17 + t. What are the prime factors of l?
11
Suppose 0 = -4*w + 3*w + 65. Suppose -i + w = 4*i. List the prime factors of i.
13
Let v = -3 - -2. Let d = -9 - v. What are the prime factors of d*-1*(-3)/(-6)?
2
Suppose -d + 15 = 4*d. Suppose -3*l + 0*l = 4*a - 38, 23 = d*l + a. What are the prime factors of l?
2, 3
Suppose -8 = 4*u + 4*d, -u - u + 2*d = 0. Let y(q) = 55*q**2 + q + 1. Let j be y(u). Suppose -5 + j = 5*v. What are the prime factors of v?
2, 5
Let a = 9 - 2. Let t = 5 - a. List the prime factors of 14 + 1 - (-3 - t).
2
Suppose -i = -4*i. Suppose 25 = 5*o - i*o. Suppose o*u + 5*b - 70 = 0, 0 = 5*u - 4*u - 2*b - 20. What are the prime factors of u?
2
Let d(f) = -18*f - 2. Let u(r) = -r**3 - 16*r**2 - 2. Let y be u(-16). List the prime factors of d(y).
2, 17
Let l(q) = q**3 + 8*q**2 + 2*q + 19. List the prime factors of l(-8).
3
Suppose 3*k = 9*k - 138. What are the prime factors of k?
23
Let a(m) = -m**3 - 5*m**2 + 6*m + 1. What are the prime factors of a(-7)?
3, 19
Let r(l) be the first derivative of -4*l**2 + l + 2. List the prime factors of r(-1).
3
What are the prime factors of 4*(14 + (5 - 9))?
2, 5
Suppose 0 = -2*s + s + 12. Suppose -4*q + s = -3*q. List the prime factors of q.
2, 3
Let t = -51 - -85. What are the prime factors of t?
2, 17
Let q = 12 - 2. Suppose u + q + 10 = 5*f, -10 = 3*u - 5*f. What are the prime factors of u?
5
Suppose 3*l = -2*o - 2, -o - 3*l - 5 = -1. What are the prime factors of o/(-4)*(-48 + 4)?
2, 11
Let t = -6 + 3. Let b be 15*(-2 - 7/t). Suppose 4*m + 12 = 2*f + 2, b*f = -5*m + 40. List the prime factors of f.
7
Suppose 3*t - 4 = 2. Suppose -f + 75 = 4*f + 5*l, 6 = -t*l. List the prime factors of f.
2, 3
Suppose 0*n + 2*n + j - 8 = 0, 5*j = 10. Suppose -2*m - 4*d + n*d + 9 = 0, -4*d = -2*m + 4. List the prime factors of m.
2
Suppose 4*o = 2*f - 0*f - 32, -4 = 2*o. What are the prime factors of f + 0/(0 + 3)?
2, 3
Suppose 0 = 2*o + 2*o. Let i = o - -2. Suppose 5*j + 4 = -i*u + 19, -27 = -2*u - j. List the prime factors of u.
3, 5
Let m(s) = -7*s**3 - s**2 - 2*s - 1. Let z = -18 + 17. List the prime factors of m(z).
7
Let o = 10 - 8. Suppose o*d = 2*p + 34, 4*d + 7*p - 92 = 3*p. List the prime factors of d.
2, 5
Let d(x) be the first derivative of 5*x**3/3 + 3*x**2/2 - x - 3. What are the prime factors of d(2)?
5
Let u = 0 + 0. Suppose u = 4*c - 11 - 17. List the prime factors of c.
7
Let j be 2*(2/4 - 3). Let v = j + 25. What are the prime factors of v?
2, 5
Suppose t = -b - 3, 0*t + 5*t = 2*b - 1. Let q(c) = -16*c. What are the prime factors of q(t)?
2
Let i = 56 - 38. What are the prime factors of i?
2, 3
L